 prime factors of d(b)?
2, 7
Let n(r) = 34*r - 41. Suppose 2*a - 44 = -46. Let t be (4 + a)/(10/(-4) - -3). What are the prime factors of n(t)?
163
Let s(t) = t**2 + 2*t + 35. Let q be s(0). Let f = q - 15. Suppose -18*a + f*a = 262. List the prime factors of a.
131
Let x(d) = -d**2 - 5*d + 1. Let a(n) = -8*n**2 - 49*n + 16. Let b(u) = a(u) - 7*x(u). Let l(v) = 2*v - 2. Let c be l(-4). List the prime factors of b(c).
7
Let j = 32912 + -16037. What are the prime factors of j?
3, 5
Let v = 31 + -6. Suppose 0 = -4*c + 4*y + 36, -c - 3 = 2*y - 27. Let n = c + v. List the prime factors of n.
3, 13
Let s(r) = -19*r + 10. Let u(t) = -t**3 - t**2 - 11*t - 8. Let i be u(0). What are the prime factors of s(i)?
2, 3
Suppose 9*d + 0*d - 1089 = 0. Suppose 0 = h - 4*n - d, 4*n = 9*n. What are the prime factors of h?
11
Let l(f) = 5*f**2 - 3*f - 4. Let d be l(3). Suppose 0 = -3*u - 24*y + 28*y + 180, -u = 2*y - 50. Suppose -u = 28*t - d*t. List the prime factors of t.
2, 7
Let c = -73 + 70. Let d be -6 - (3/12)/(c/12). What are the prime factors of (94*d/(-10))/((-2)/(-4))?
2, 47
Suppose 41*n = 23*n + 594. Suppose 6*z + n - 2919 = 0. What are the prime factors of z?
13, 37
Suppose 0 = 2*w - h - 44949, 44984 = -26*w + 28*w + 4*h. List the prime factors of w.
2, 11239
Let j = -81991 - -121391. What are the prime factors of j?
2, 5, 197
Suppose -3*n + 0*n = -3*u - 51, -4*u - 5*n - 50 = 0. Let p = 36 - u. List the prime factors of p.
3, 17
Suppose -14*t = -9*t + k - 77, 0 = 5*k + 15. Suppose 0 = r + 2*q - 506, r - 521 = -13*q + t*q. What are the prime factors of r?
2
Let p be 3074 - ((-8)/(-1) + -5). Suppose 29*q + p - 8088 = 0. What are the prime factors of q?
173
Let o(z) = -40*z - 77. Let h(p) = 82*p + 155. Let d(a) = 3*h(a) + 7*o(a). What are the prime factors of d(-17)?
2, 3, 7
Let n(w) = -17 + 24 - 4*w - 19*w**2 - w**3 - w. Let a = -2 + -17. List the prime factors of n(a).
2, 3, 17
Let j(u) = -7*u**2 + 111*u**3 + 43 - 44 + 14*u**2 - 11*u. What are the prime factors of j(2)?
19, 47
Suppose -4*h - 1186 = -2*p, 5*p - 2954 = 154*h - 155*h. List the prime factors of p.
3, 197
Suppose -30 = 5*r + 10*r. Suppose c - 3*c = 3*o - 265, 0 = 5*c - 10. What are the prime factors of (o/(-2))/(1/r)?
3, 29
Let i be (24/(-10))/(4/(-10)). Suppose -9*q + 297 = -i*q. Suppose -3*y + 132 = 4*b - y, -3*b + q = 2*y. What are the prime factors of b?
3, 11
Let b(y) = -2*y**2 - 7*y + 12. Let c be b(5). Let u = c - -75. Suppose s = 4*q - u*q + 94, 0 = -3*s + 3*q + 297. What are the prime factors of s?
2, 13
Let w = 24585 + -14625. What are the prime factors of w?
2, 3, 5, 83
Let g be 5 + 12*(-3303)/(-12). Suppose -16*c + g = -13*c - 4*m, -4*m + 5556 = 5*c. List the prime factors of c.
2, 277
List the prime factors of (40 + 0)*(-4248)/(-15).
2, 3, 59
Suppose 35*m - 25*m - 50400 = 0. Suppose -23*t = -8*t - m. List the prime factors of t.
2, 3, 7
Suppose -6725 - 20410 = -3*h - 5*k, -4*h + 36180 = -k. List the prime factors of h.
3, 5, 67
What are the prime factors of 6/(-1)*15/((-225)/103810)?
2, 7, 1483
Let m = -1103 + 1635. What are the prime factors of m?
2, 7, 19
Suppose 177*s = 171*s + 9078. Let i = -1067 + s. List the prime factors of i.
2, 223
Let h(t) = -t**3 - 31*t**2 + 86*t + 2904. List the prime factors of h(-33).
2, 3, 11, 17
Suppose 282 = 7*g - 13*g. Let f = g - -50. List the prime factors of 8*f*23/12.
2, 23
Let j(f) = -f**3 - 11*f**2 + 4. Let s be j(-11). Suppose 0 = -5*u + s*v - 2*v - 6, -2*v + 6 = 0. List the prime factors of (-348)/24*(-2 - u/2).
29
Let h(n) = 5*n - 29. Let m be h(7). Let d(s) = s**3 - 5*s**2 - 5*s + 7. Let w be d(m). What are the prime factors of w/(65/100) - (3 - 0)?
17
Suppose -22*b + 2*r + 53982 = -18*b, 4*b + 2*r - 54010 = 0. List the prime factors of b.
13499
Let g(y) = -2*y**2 - 1. Let j(b) = -3*b**2 + b. Let l(k) = 6*g(k) - 5*j(k). Let q = -4 + -1. What are the prime factors of l(q)?
2, 47
Let l(b) = b**3 + 31*b**2 - 81*b - 37. List the prime factors of l(-30).
37, 89
Let c(u) = -61*u**3 + 5*u**2 + 2*u + 1. Let b be c(2). Let q = b - -517. List the prime factors of q.
2, 3
List the prime factors of (5/(-20))/(7/(-35)*-1)*-17276.
5, 7, 617
Let k be (-7)/(21/6) + 297 + 2. Let n = -135 + k. Suppose -10*b + 13*b - n = 0. List the prime factors of b.
2, 3
Let y(v) be the second derivative of -35/6*v**3 + 0 + 1/6*v**4 - 15*v**2 + 12*v. What are the prime factors of y(21)?
3, 13
Let x = 59 + -52. Suppose -5*l + 22 = x. Suppose -l*q = q - 216. What are the prime factors of q?
2, 3
Let f = -48 + 51. Let y(w) = 11*w**2 + w - 3. Let v(t) = t**2 + t. Let z(c) = -6*v(c) + y(c). List the prime factors of z(f).
3
Let p(o) = 5*o + 20. Let h be p(-10). Let s be (h/4)/(6/184). List the prime factors of (-3 + 21/5)/((-4)/s).
3, 23
Let c(t) be the third derivative of 13*t**5/60 - t**4/12 + 2*t**3/3 - 14*t**2. Let n be c(14). What are the prime factors of n/30 - 36/270?
2, 3, 7
Suppose 0 = -3*s + 2 + 4. Suppose -2 = -2*p - 0*p + s*z, 3*p + 4*z - 31 = 0. Suppose -2*n = 4*q - 92, 5*n - p*q = 104 + 81. What are the prime factors of n?
2, 5
Suppose 8*k = 31477 + 30067. List the prime factors of k.
7, 157
Let n(u) = u**3 + 13*u**2 - 252*u - 34. What are the prime factors of n(-21)?
2, 5, 173
Suppose 3 = 3*o, 2*j - 4*o - 1769 = 5263. Suppose -s - 2*n + 1764 = 0, 2*s - 23*n = -22*n + j. What are the prime factors of s?
2, 5, 11
Suppose 291*x - 696 = 279*x. Suppose 7*d - 2462 = x. List the prime factors of d.
2, 3, 5
Let i = -612 - -1269. Let r(q) = 4*q**2 + i - 3*q - 659 + q + q**3. List the prime factors of r(-4).
2, 3
Let m = 481 - 306. Let v = m + 245. List the prime factors of v.
2, 3, 5, 7
Suppose -5*d = 135*r - 137*r - 205118, 2*d + r - 82058 = 0. List the prime factors of d.
2, 73, 281
Let q(o) = o**3 - 6*o**2 + 5*o + 1. Let f be q(5). Let b(d) = -17 + f - 16*d - 6*d + 34*d. List the prime factors of b(9).
2, 23
Let z be (-38)/(1 - -1)*1. Let m(q) = 48*q**3 - 25*q - 24*q**3 - 10*q**3 - 20*q**2 - 15*q**3 - 6. What are the prime factors of m(z)?
2, 3
Let v(n) = 2*n**2 + 2*n - 9. Let y be v(-7). Let l = 44 - y. Let k = 130 + l. What are the prime factors of k?
3, 11
Let v(t) = t**2 - 21*t - 23. Let f be v(22). List the prime factors of f - (-1278)/2 - 4.
2, 317
Let v(c) be the third derivative of c**4/12 - 4*c**3/3 - 39*c**2. Let k be v(6). List the prime factors of -2 - -120 - (0 - (0 + k)).
2, 61
Let f be 22/6 - (-115)/(-69). Suppose 2*b - d - 229 = 0, -b - f*d = -0*d - 102. Let h = 140 - b. List the prime factors of h.
2, 7
Let n(p) = -p**2 + 19*p - 86. Let a be n(8). Suppose -a*x - 3*v + 2864 = 0, 5*x + 2*v + 948 = 8108. What are the prime factors of x?
2, 179
Let n = -378 - -377. What are the prime factors of n + 4 + 5720/((-132)/(-12))?
523
Let o(p) = p**2 + 43*p + 2. Let z be o(-32). List the prime factors of ((-116)/(-10))/((-7)/z).
2, 5, 29
What are the prime factors of (-8)/10 + (-20)/(-700)*30653?
5, 7
Suppose -3*d = 3*o, 4*d - 2*o + 5 = 23. Suppose -4*j + d*p + 300 = -2*j, -j + 161 = 4*p. List the prime factors of j.
3, 17
Suppose m + 49 + 548 = 0. Let q = m + 1256. What are the prime factors of q?
659
Suppose 23*d + 18*d - 312 = -37*d. Let b(z) = z + 5. Let x be b(-5). Suppose x = 5*t - d*t - 82. What are the prime factors of t?
2, 41
Let c be (1/(-1))/(-1) - -1. What are the prime factors of 0*5/15 + 939 - c?
937
What are the prime factors of ((-216634)/(-4) + 2)/((-186)/(-124))?
36107
Let p(z) = 4*z**2 + 2*z - 15. Let y be -8*5/35*7/2. What are the prime factors of p(y)?
41
Let q = 3164 - 993. List the prime factors of q.
13, 167
What are the prime factors of 12 - ((-16174566)/297 - 2/11)?
2, 11, 619
Let o = -146 + 1126. Suppose 5*r - 1616 = -i, 6*i - 4*i = 3*r - o. What are the prime factors of r?
2, 3
Suppose -5*u + 4*m = -4974, 8*m - 990 = -u + 4*m. Suppose -2*a + 1244 = 5*o - a, 2*a - u = -4*o. What are the prime factors of o?
3, 83
Let y be 18/1 - (3 - (-6)/(-1)). Suppose y*t - 253 + 169 = 0. What are the prime factors of t?
2
Suppose -3*y + 2325 = 2*k + 2*k, -3*k - 2*y + 1745 = 0. Suppose -65 = -2*m + k. List the prime factors of m.
5, 13
Suppose 94*o = 99*o - 340. Let f = 294 - o. List the prime factors of f.
2, 113
Let z = -2635 - -3164. List the prime factors of z.
23
Let w(r) = r**3 + 17*r**2 - 3*r - 48. Let y be w(-17). Suppose 11*p - 12*